**2 - 7*s - 22. Let j(t) = -2*t**3 + t**2 + 2*t. Let p(q) = 3*j(q) + u(q). What is the units digit of p(-4)?
2
Suppose -2*b + 43 = -2*d - b, 5*d + 2*b = -103. Let r = d + 25. Suppose -4 = -5*f + 6, 402 = r*x + f. What is the units digit of x?
0
Suppose -13*f = -3*r - 9*f + 67557, -3*r = 4*f - 67581. What is the tens digit of r?
2
Suppose 65 = -7*m + 44. What is the hundreds digit of ((-6888)/112)/(m/32)?
6
Let u = -32863 + 48735. What is the hundreds digit of u?
8
Suppose 2*h + 5*x + 1420 = -669, -4*h - 2*x - 4202 = 0. Let a = -715 - h. What is the hundreds digit of a?
3
Let l(t) = -t + 9. Let z be l(5). Let n be ((-90)/(-36))/((-2)/(-4)). Suppose -n*q - u + 270 = z*u, 5*u = q - 42. What is the tens digit of q?
5
Let x(k) = 2*k**2 - 3*k. Let y be x(2). Let h(o) = -o + 1 + 30*o**3 + 2*o + o**y - 118*o**3. What is the units digit of h(-1)?
9
Let h(l) = -5*l**2 + 3*l - 4. Let c(g) = -11*g**2 + 7*g - 9. Let q(i) = 4*c(i) - 9*h(i). Let u be q(1). What is the units digit of 1/(4 - 1)*(199 + u)?
7
Suppose 1069 = -5*a - 3*j + 3142, a + 2*j = 416. Let n = 1775 - a. What is the thousands digit of n?
1
Let v(d) = 20*d**2 - 10*d - 9. Let o be v(-3). Suppose -2*l + 895 = -o. What is the tens digit of l?
4
Let d(s) = 11*s**2 + 81*s + 269. What is the ten thousands digit of d(-54)?
2
Suppose 83220 = 26*d + 16764. What is the thousands digit of d?
2
Let d = -10085 + 24647. What is the units digit of d?
2
Suppose -23*z = -20*z - 36. Suppose -7*j + 3325 = z*j. What is the tens digit of j?
7
Let h(s) = 33*s - 3. Let r(t) = -66*t + 6. Let l(i) = 9*h(i) + 4*r(i). Let z(a) = 13*a + 66. Let w be z(-5). What is the units digit of l(w)?
0
Let v(o) = -3*o**2 + 33*o - 29. Let z be v(10). Let k(n) = 179*n**2 + 18*n - 17. What is the units digit of k(z)?
0
Suppose -10 = -13*o + 42. What is the tens digit of 1/(6/112)*21/o?
9
Suppose 15*x = 131 + 79. Suppose -3*k - 5*m = -2316, 2*m = -8 + x. What is the tens digit of k?
6
Suppose 89810311 - 35690161 = 810*k. What is the units digit of k?
5
Let c be 4/26 + (-144)/(-78). Suppose 2*t = m - 292, -7*m + c*m - 4*t + 1502 = 0. What is the tens digit of m?
9
Let t(c) = 105*c - 29 + 196*c + 48*c. What is the tens digit of t(3)?
1
Suppose -17*c = -22*c + 1865. Let z = c - 317. What is the tens digit of z?
5
Let j be -24*(-3 + (64/(-4))/(-4)). Let x = j - -53. Suppose -x*b = -23*b - 582. What is the tens digit of b?
9
Suppose 0 = -4*d + 2*s + 182, 0 = -9*d + 12*d + 5*s - 156. Let x be -2 - (-2)/2 - -66. Let m = d + x. What is the units digit of m?
2
Let j(d) = 3*d + 78. Let v be j(-24). Suppose 4*i - 47 = -3*b, v*i - i = -4*b + 64. Suppose 3*q - 51 = -b. What is the tens digit of q?
1
Suppose 6*l - 11*l = -15. Suppose -3*g + 6 = -0*q + l*q, -3*q = g + 4. Let p(m) = -m**3 + 5*m**2 + 4*m + 4. What is the tens digit of p(g)?
2
Suppose -p = -29116 - 2223. What is the ten thousands digit of p?
3
Let f(q) = 2*q**3 - 3*q**2 - 12*q - 9. Let g be f(9). Suppose -a = 2*a - g. What is the tens digit of a?
6
Suppose 0 = 38*n - 46*n + 3976. Let y = n + -171. What is the tens digit of y?
2
Let p(w) = 60*w + 5 + 60*w - 190*w + 60*w. Let l(b) = b - 6. Let y be l(0). What is the tens digit of p(y)?
6
Let v = 6199 + -3400. Let u = v + -1955. What is the tens digit of u?
4
What is the ten thousands digit of 3*((-130)/30 + 4) + 19598?
1
Let o = -11 - -23. Suppose -2*m - m = -4*f - o, 3*f - 20 = -5*m. Suppose -2*i + 59 + 91 = f. What is the units digit of i?
5
Let v(w) = -46*w**2 + 2*w - 16. Let m be v(-3). What is the units digit of m/(-12)*(0 + (-1 - -4))?
9
Suppose 3*j = -c + 295, -7*j - 5*c - 307 = -10*j. What is the thousands digit of (-22)/j - 120789/(-81)?
1
Let j(b) = 1290*b + 664. What is the tens digit of j(6)?
0
Let g(z) = -47*z**3 - 2*z**2 - 20*z - 48. What is the tens digit of g(-7)?
1
Suppose -2*r - 2905 = -4*d - 18353, -10 = 2*d. Suppose 11*z - r = 239. What is the hundreds digit of z?
7
What is the thousands digit of (-6)/87 + (-4466976)/(-696)?
6
Suppose -3*i = 4*i + 14. Let o be (-4)/(-4) + i - -3. Suppose -o*u - 130 = -12*u. What is the tens digit of u?
1
Suppose -47 = -4*a + 13. Let g be 1 + 3012/a - 4/(-20). Suppose 5*n = 6*n - g. What is the hundreds digit of n?
2
Suppose 9*l - 9 - 18 = 0. What is the tens digit of l - (-321 + 18/(-6))?
2
Suppose 3*p = 3*j, -j = -p + 3*j - 3. Let f be 2 - (0/p)/(14 - 16). What is the tens digit of (-30)/(42/(-36) + f/(-6))?
2
Let p = -488 - -332. Let q = p + 582. What is the tens digit of q?
2
Let b be (1 - (-26)/(-6))*(-30)/25. Suppose -y - 1208 + 228 = -2*c, b*c - 1954 = 5*y. What is the tens digit of c?
9
Suppose -j + 4*j + 3*y - 30 = 0, 4*y - 48 = -5*j. Suppose 5*v = -j + 13. What is the tens digit of ((-129)/(-3))/(0 - v - -2)?
4
Let i(j) = -j**2 + 6*j - 3. Let g be i(4). Let d(x) = -15*x - g - 4 + 3*x. What is the units digit of d(-5)?
1
Suppose 3264 = 29*l - 25*l. Let m = l - 327. What is the tens digit of m?
8
Let o(i) = -187*i + 92*i + 87*i - 1. Let z(p) = -8*p - 1. Let q(f) = 4*o(f) - 3*z(f). What is the units digit of q(-5)?
9
Suppose 4*q = -0*q. Let f(r) = -95*r + 25. Let j be f(0). Suppose 4*n + q*n - 5*y = 213, -j = 5*y. What is the tens digit of n?
4
What is the ten thousands digit of (-27)/21 + (-12749303)/(-833)?
1
Let k = -458 - -900. Let x = k - 107. Suppose x = 4*g + z - 6*z, -429 = -5*g - 4*z. What is the units digit of g?
5
Let w(j) be the first derivative of -15*j**2/2 - 15*j + 12. Let l = 76 - 82. What is the tens digit of w(l)?
7
Let r(n) be the third derivative of -37*n**4/24 + 23*n**3/6 + 10*n**2 + 7*n. What is the tens digit of r(-11)?
3
Let n(i) = 99*i**2. Let b(g) = -g**3 + g**2 + 3*g - 1. Suppose -2*m + l = -3, 5*l + 7 = 5*m + 2. Let q be b(m). What is the tens digit of n(q)?
9
Let j(z) = -z**3 + 12*z**2 - 12*z + 12. Let o be 5 + -1 + (-119)/(-17). Let c be j(o). What is the tens digit of 32 - (c/1 - 2)?
3
Let v be (-2)/6*(-711 - 0). Suppose y = -2*c + 900, -2*y + v = -2*c - 1539. What is the units digit of y?
2
Let f = 5980 - -9239. What is the units digit of f?
9
Let o be 12/10 + 2*(-1)/10. What is the tens digit of 536 + ((-36)/6 - o)?
2
Let t = -271 - -271. Suppose -115*z + 116*z - 213 = t. What is the hundreds digit of z?
2
Let o(k) = -k**2 + 47. Let v be o(-7). What is the hundreds digit of (v + 44/12)/(5/1185)?
3
Let z = 37755 + -15122. What is the units digit of z?
3
Let q be (168/(-63))/(2/(-6)). Let s(n) = n**3 + 3*n**2 + 22*n + 5. What is the hundreds digit of s(q)?
8
Suppose -5*a + k = -56093, -16*a + 18*a - 3*k - 22445 = 0. What is the units digit of a?
8
Let q(w) = w**3 + 21*w**2 + 15*w + 4. Let n be q(-12). Let o = n + 369. What is the hundreds digit of o?
4
Let x(c) = -2638*c - 8045. What is the units digit of x(-11)?
3
What is the hundreds digit of (-29162)/(-5) - 14/35?
8
Let q(s) = 5*s**2 + 5*s - 13. Let y be q(3). Suppose 2*x + d = x + y, -140 = -3*x - 2*d. What is the units digit of x?
6
Suppose 40*d - 64 = 24*d. Suppose 4*x - 576 = -t, 2*t + 2*x - d*x = 1152. What is the units digit of t?
6
Let a be (2548/10)/(9 - (-396)/(-45)). Let p = 2822 - a. What is the tens digit of p?
4
Let i(d) = 10*d - 41. Let b be i(4). Let w(t) = -110*t**3 - t**2 - 4*t - 2. What is the tens digit of w(b)?
1
Suppose -66979 + 51525 - 210636 = -23*k. What is the hundreds digit of k?
8
Let y be 15/10*28/(-3). Let l = -29 - y. Let q = 54 + l. What is the units digit of q?
9
Suppose 5*v = i - 123, 5*v - 20 = -0*v. Suppose -4*j - r + 778 = 0, -r = j - i - 53. What is the tens digit of -5*1/(-10)*j?
9
Let y(x) = 38*x**2 + 19*x + 64. What is the units digit of y(13)?
3
Let y(b) = -29*b + 68. Let a be y(-10). Suppose -1494 = 352*x - a*x. What is the units digit of x?
9
Let l(v) = -2*v + 26. Let d be l(12). Suppose -5 = -5*k - 2*p + d, 0 = 2*p + 8. What is the units digit of (22/5)/(k/15)?
2
Let b(m) = -m**3 + 19*m**2 - 17*m - 20. Let i be b(18). What is the hundreds digit of ((-3)/i)/(-8 - -7)*-90?
1
Suppose 0 = q + 4, 4*c + 2*q - 66 = 8486. What is the thousands digit of c?
2
Suppose -3*i = 5*p - 2*i - 44132, -4*p + 35308 = 2*i. What is the thousands digit of p?
8
What is the units digit of 2/(-18) + (-11 - (-626476)/36)?
1
Suppose -2*c = -2*f - 22064, 0 = 3*c - 8*c + 3*f + 55162. Suppose 4*u = 15*u - c. Suppose u + 408 = 17*p. What is the tens digit of p?
8
Let f(y) = -3*y 